11100
In base 3, what is 220012 - 11212120?
-10222101
In base 3, what is 1122 - 120010?
-111111
In base 6, what is -341 - 155?
-540
In base 10, what is -134 - -11?
-123
In base 14, what is 836 + -9?
82b
In base 10, what is 1367 + -7?
1360
In base 3, what is 200010 + 112000?
1012010
In base 12, what is -275 + 1695?
1420
In base 12, what is 91a1 - 5?
9198
In base 11, what is -559 + 1388?
92a
In base 4, what is 212 - 103002?
-102130
In base 5, what is 2 + -1220010?
-1220003
In base 4, what is 32 + -32200012?
-32133320
In base 7, what is -24 - 13652?
-14006
In base 11, what is -49952 - 1?
-49953
In base 9, what is 10 - 131754?
-131744
In base 3, what is 200100 + -111202?
11121
In base 8, what is -5 - 5243441?
-5243446
In base 12, what is -1132 + 34?
-10ba
In base 7, what is -10 - -2142?
2132
In base 15, what is -4 + 1dbdc7?
1dbdc3
In base 3, what is -2112112 + -1201?
-2121020
In base 14, what is -20b81 + 4?
-20b7b
In base 2, what is 1000011100101001 - 11?
1000011100100110
In base 16, what is -b2b0 - 0?
-b2b0
In base 7, what is -3 + -11354?
-11360
In base 15, what is -4 - 778c?
-7791
In base 12, what is a0 + -2315?
-2235
In base 5, what is 231 + -3014?
-2233
In base 15, what is -18b2 + -14?
-18c6
In base 5, what is -3401 - 3112?
-12013
In base 2, what is 11101101 + 11100010?
111001111
In base 4, what is -1012221 - 11020?
-1023301
In base 13, what is -3 - 4b57a?
-4b580
In base 4, what is 123 - -132223?
133012
In base 8, what is 4 - -10223?
10227
In base 8, what is -65 + -23544?
-23631
In base 8, what is 173 - 53733?
-53540
In base 16, what is 34 + -382?
-34e
In base 2, what is 10 - 110001001101?
-110001001011
In base 4, what is 2 + -211123232?
-211123230
In base 7, what is -6 + 445413?
445404
In base 6, what is 20052 - 5?
20043
In base 9, what is 16410 - -1?
16411
In base 7, what is 10500414 + -2?
10500412
In base 4, what is -2322 - -13?
-2303
In base 12, what is 21 - 7aa?
-789
In base 3, what is -110011 + -12002?
-122020
In base 6, what is -3 - 431010?
-431013
In base 16, what is -22f - -90?
-19f
In base 15, what is -b + -6a2?
-6ad
In base 12, what is -73 + -106?
-179
In base 7, what is 4 - -2142?
2146
In base 7, what is 30 - -1012403?
1012433
In base 15, what is 7e8 - -90?
888
In base 11, what is 3 + 533054?
533057
In base 3, what is -10012210022 + -2201?
-10012220000
In base 14, what is 8d0c + -36?
8cb6
In base 9, what is -275141 + 4?
-275136
In base 11, what is 8 + -26a66?
-26a59
In base 13, what is ca48 - -5?
ca50
In base 4, what is -1212 + 2203003?
2201131
In base 2, what is 100011111101 + 1110?
100100001011
In base 5, what is 312024 + 2?
312031
In base 15, what is 2192 - -140?
22d2
In base 12, what is 20 + 4574?
4594
In base 2, what is -1100 - -1000101?
111001
In base 3, what is -2112100 + -2?
-2112102
In base 12, what is 39 + 251?
28a
In base 14, what is d - -1c2ca?
1c2d9
In base 5, what is -2130 - -31?
-2044
In base 13, what is 5277 - 26?
5251
In base 6, what is 113221343 - 5?
113221334
In base 2, what is -1 - -11001001000010001110?
11001001000010001101
In base 6, what is 141524 + 4?
141532
In base 15, what is 1275d + -11?
1274c
In base 7, what is 530 + 1245?
2105
In base 10, what is -110 + 288?
178
In base 7, what is 12505503 - 5?
12505465
In base 14, what is 19 - 7cb?
-7b2
In base 9, what is -488533 - -4?
-488528
In base 13, what is -18 + b5b?
b43
In base 13, what is -1b4b86 + -3?
-1b4b89
In base 3, what is 111 - 2210021212?
-2210021101
In base 14, what is -5a30 + 27?
-5a07
In base 3, what is -101100 - -2102?
-21221
In base 6, what is -2 + 1033125?
1033123
In base 4, what is 21203 - -120121?
201330
In base 4, what is -300031 - -212?
-233213
In base 9, what is 2531 - 324?
2206
In base 14, what is -145 - -35?
-110
In base 10, what is 64 - 291?
-227
In base 15, what is 13 + -26a?
-257
In base 7, what is 0 + 124605?
124605
In base 11, what is -a1a5 - -4?
-a1a1
In base 5, what is -3304110401 + -4?
-3304110410
In base 7, what is -6 - 2233304?
-2233313
In base 11, what is 3a457a - -4?
3a4583
In base 7, what is -23231 + -3462?
-30023
In base 13, what is 3c7 - 25?
3a2
In base 10, what is 33569 - -14?
33583
In base 14, what is 2d63 - -3?
2d66
In base 3, what is 1 - 220112102121?
-220112102120
In base 4, what is -2200 + -10330?
-13130
In base 9, what is 43074 + 4?
43078
In base 7, what is -10 - -14136?
14126
In base 16, what is -13e65 + -3?
-13e68
In base 3, what is 121111201 - 12?
121111112
In base 3, what is 1010 + 220211011?
220212021
In base 8, what is -33 + 3107?
3054
In base 11, what is -5529a + 2?
-55298
In base 15, what is b + 49e2?
49ed
In base 10, what is 15 + -13528?
-13513
In base 8, what is 5 + 1763267?
1763274
In base 2, what is -10000010001010 + 0?
-10000010001010
In base 2, what is -11 + 11100110100101000?
11100110100100101
In base 16, what is -2961 + -25?
-2986
In base 13, what is -11bc + 5?
-11b7
In base 12, what is -1 - 4320a?
-4320b
In base 13, what is -402 - 74?
-476
In base 9, what is 52111 + 3?
52114
In base 14, what is -5 - 2c30?
-2c35
In base 6, what is 12300 + -415?
11441
In base 14, what is 3b1 + 1d?
3d0
In base 3, what is -11221101112 + -101?
-11221101220
In base 3, what is 2 - -12120112222?
12120120001
In base 13, what is 34 - 53b?
-507
In base 3, what is 1200210120 + -10?
1200210110
In base 10, what is -1473727 + 3?
-1473724
In base 16, what is -4 + -5ff2d?
-5ff31
In base 7, what is -40 - 544?
-614
In base 9, what is 4 + -5858?
-5854
In base 9, what is -5040 + -17?
-5057
In base 8, what is 3 - -757?
762
In base 11, what is 40606 - -3?
40609
In base 3, what is 2222001020 + 0?
2222001020
In base 6, what is 32455 + 142?
33041
In base 5, what is -4132424 - 2?
-4132431
In base 13, what is -432 + b8?
-347
In base 14, what is 5 + -6323?
-631c
In base 9, what is 28 + 14013?
14042
In base 4, what is 1311 - -110203?
112120
In base 11, what is 28 - -355a?
3587
In base 16, what is -37 + 2b9?
282
In base 12, what is -75 + 657?
5a2
In base 6, what is 20043333 - 0?
20043333
In base 7, what is -16563 + 2?
-16561
In base 10, what is -413765 - 0?
-413765
In base 8, what is 15 + 52745?
52762
In base 13, what is 4 + -4cc3?
-4cbc
In base 10, what is 840350 - -5?
840355
In base 7, what is 160224 - 151?
160043
In base 8, what is -203 - 370?
-573
In base 3, what is -2200222 - 1010?
-2202002
In base 5, what is 1 + -111304443?
-111304442
In base 3, what is 11100211 + -11100?
11012111
In base 12, what is 1b + 80a6?
8105
In base 9, what is 1480 - 5?
1474
In base 14, what is 24d6 + -28?
24ac
In base 12, what is 3 + 2299?
22a0
In base 4, what is -113 + 120212?
120033
In base 15, what is -8 + 1923?
191a
In base 2, what is 1 + -11111101100100?
-11111101100011
In base 14, what is -a29 + bd?
-94a
In base 9, what is 4 + 18706?
18711
In base 15, what is 1eb19d + 5?
1eb1a3
In base 4, what is -10002101 + -2?
-10002103
In base 11, what is 163 - -99?
251
In base 15, what is -33c + -d9a?
-11d7
In base 6, what is -104024 - 0?
-104024
In base 10, what is -74215 - 13?
-74228
In base 13, what is -4 - -b7b79?
b7b75
In base 15, what is 25c - 1e3a?
-1bcd
In base 9, what is 0 + -20371?
-20371
In base 2, what is 1001 + 101011010010?
101011011011
In base 5, what is -232402340 + -4?
-232402344
In base 15, what is 139d + 252?
1600
In base 2, what is 1010011001000010101 - -100?
1010011001000011001
In base 2, what is 11 + -1101001001100?
-1101001001001
In base 7, what is 261 - -156?
450
In base 11, what is 11392 - 20?
11372
In base 10, what is -227 - -486?
259
In base 11, what is -5 + 241641?
241637
In base 4, what is 2 + -1211330?
-1211322
In base 10, what is 2 - 255846?
-255844
In base 3, what is 210021 - 1012111?
-102020
In base 12, what is -6 + -926?
-930
In base 13, what is 35bca + 7?
35c04
In base 8, what is 4 - -4377440?
4377444
In base 2, what is 0 - 10100000100101?
-10100000100101
In base 3, what is 101201 + -112100?
-10122
In base 16, what is -16 + 21cf?
21b9
In base 3, what is -11 - -10202111?
10202100
In base 9, what is -1 + 373746?
373745
In base 15, what is -6c0 - 153?
-823
In base 7, what is -11 + 62142?
62131
In base 3, what is 0 - 222012221221?
-222012221221
In base 6, what is -1 + -124545?
-124550
In base 14, what is 2 + 4031?
4033
In base 13, what is -22 + -16986?
-169a8
In base 14, what is 18 + 21a2?
21ba
In base 16, what is 5 + 5a01?
5a06
In base 1